 tens digit of a?
2
Let r = -22 - -43. Suppose 3*a + 0*w - r = 4*w, 2*w = 2*a - 14. What is the units digit of a?
7
Let y be (98/35)/((-4)/(-10)). Let a be ((-18)/3)/(-2) - y. Let u = -1 - a. What is the units digit of u?
3
Let u(l) = 34*l + 5. What is the units digit of u(3)?
7
Suppose -x = -4*v - 43, 0 = 3*x + 5 - 2. Let p be 9*(-3 + v/(-3)). What is the units digit of p - (1 + 1 - 5)?
9
Suppose 2*h = -2*j + 100, 55 = 2*j - h - 42. What is the units digit of j?
9
Suppose -3*u = 5*l + 1 - 27, -2*u = -l - 13. Let g = u - -18. What is the tens digit of g?
2
Suppose 6 = 9*i - 6*i. What is the units digit of i + (3 - 0/2)?
5
Let l = 9 + -3. Let p = l - -7. What is the tens digit of p?
1
Let i be 4/4 + (-6)/(-1). Let w(a) = a**2 + 2*a + 4. Let x be w(-5). Let v = x - i. What is the tens digit of v?
1
Let q be 10/4*4 - 4. What is the tens digit of (-114)/(-4) + q/12?
2
Let x(u) = u**3 - 3*u**2 + 7*u + 12. What is the units digit of x(5)?
7
Suppose 2*o = -5*y + 239, -o - 5*y + 93 = -24. What is the hundreds digit of o?
1
Let a(m) = -9*m. Let g be a(-2). What is the units digit of (-4)/g - (-444)/54?
8
Let h be ((-18)/(-1))/(2*1). Suppose -p = -3 - h. What is the tens digit of p?
1
Let f(u) = u**2 + 2*u + 1. Let o be f(-2). Suppose -2*l - 3 = o. Let i(a) = -2*a**3 - 2*a**2 + 1. What is the units digit of i(l)?
9
Suppose 15*l - 11*l = 120. What is the tens digit of l?
3
Suppose -u = 3*u - 12. Suppose w = 4 + u. Let k = 8 - w. What is the units digit of k?
1
Suppose g + 4*n - 96 = 0, 2*g + 0*n = 3*n + 137. What is the tens digit of g?
7
Suppose -4*n = 3*d - 56, -3*d + n + 29 + 2 = 0. What is the units digit of (-3)/((-45)/d)*15?
2
Let v = 14 + -27. Let h = -2 - v. Suppose 3*x = 28 + h. What is the tens digit of x?
1
Let o = 523 + -259. What is the hundreds digit of o?
2
Let r(v) = v**3 + 11*v**2 - 6*v - 2. What is the tens digit of r(-11)?
6
Let r be -2*(6/4 + -2). Let z be (-8*3/(-6))/r. Suppose 0 = -z*f - b + 2*b + 25, 9 = 3*f - 4*b. What is the units digit of f?
7
What is the units digit of 1 + -3 + 70/10?
5
Let z = -2 + 2. Suppose -n - 2*c - c + 1 = z, 17 = 4*n - c. Let m = n + -3. What is the units digit of m?
1
Suppose 5*r = w - 21, -16 = -3*w + 2*r - 5. What is the tens digit of w*46 + (-28)/(-7)?
5
Suppose -40 = -4*d - 4*p, 0 = 4*d - p - 98 + 33. What is the tens digit of d?
1
Let x be 2*(3 + 0)/3. Let b(k) = -k**2 + 2*k + 1. What is the units digit of b(x)?
1
Let g = -4 + 32. Suppose -3*a = -2*o - g, -3*a + 0*o = 4*o - 52. Suppose -4*u + u + 21 = 5*w, 2*w + 3*u - a = 0. What is the units digit of w?
3
Let j be 21/5 - 9/45. Suppose -j*v = 19 - 79. What is the tens digit of v?
1
Let s = 0 - -2. Let z(v) = -11 + 4*v**3 + 8 - 5*v**3 + v + 7*v**s. What is the units digit of z(7)?
4
Let q be (-2 - -1) + 3 + -2. Suppose 65 = 5*x - q*x. What is the units digit of x?
3
Let h(u) = u + 8. Suppose 0 = -r - 3*r. What is the units digit of h(r)?
8
Let z(v) = -v. Let d be z(2). Let g be (1 + d)*33/1. Let j = g - -52. What is the tens digit of j?
1
Let q be (-3 + (-3 - -15))*31. Suppose 0 = -5*z - 0*z + 2*l + q, 0 = -3*z + 2*l + 165. What is the units digit of z?
7
Let u be (8/12)/((-2)/15). Let b(k) = 0 - 3*k - 5 + k. What is the units digit of b(u)?
5
Let k(d) = d**2 - 10*d + 3. What is the tens digit of k(11)?
1
Let y(v) = v + 9. Let s be y(-7). Let o = s + 9. What is the units digit of o?
1
Suppose -11 = -4*i - 3. Suppose -2*u + 56 = i*u. What is the units digit of u?
4
Let w(y) be the third derivative of -y**4/24 + 2*y**3 + 4*y**2. Let b be w(-10). Suppose 2*s + 5*d = -s + 31, -2*s + b = 4*d. What is the units digit of s?
7
Suppose -3*a - 2*a + 115 = 0. What is the units digit of a?
3
Let f = 32 + 38. What is the units digit of f?
0
Let d(x) = x + 1. Let f(t) = t - 2. Let p be f(4). Suppose p*k = 10 - 2. What is the units digit of d(k)?
5
Suppose 3*v + 12 = 27, 0 = 4*j + 5*v - 49. Suppose -j*y = -3*y + 33. Let k = y + 19. What is the units digit of k?
8
Suppose 2*f = 4*w + 26, 0*w + w = 4*f - 80. Let r = f + 2. What is the units digit of r?
3
Suppose -141 + 739 = 2*d. What is the hundreds digit of d?
2
Let k(d) be the third derivative of -d**6/120 + d**5/30 - d**3/6 + 2*d**2. Let z be k(-1). Suppose -2 = -0*r - z*r. What is the units digit of r?
1
Suppose 2*k = -3*p, -2*p - 3*p = -4*k. What is the units digit of 9 + (-3 - (-2 + k))?
8
Let j = 2 + 16. Let l = j + -36. What is the units digit of l/(2 + (-21)/6)?
2
Let g(n) = 3*n**2. Let o be g(1). Suppose o*f + 6 - 30 = 0. What is the units digit of f?
8
Let r = -13 - -8. Let n = r + 9. What is the units digit of n?
4
Suppose -h + 0*h + 2 = 0. Let l(o) = o**2 + 3*o + 3. Let w be l(-4). Suppose -t - h*y = w, -3 = t - 0*t + y. What is the units digit of t?
1
Let p = -3 + 4. Suppose 10 + p = r. What is the units digit of r?
1
Suppose -6*j - 1094 = -5*v - 5*j, 0 = v - 3*j - 230. What is the hundreds digit of v?
2
Let k be (-2)/(10/4 - 3). Let c(j) = 2*j**2 - 3*j - 4. What is the units digit of c(k)?
6
Let k = 451 + -266. What is the tens digit of k?
8
Let l(h) = -38*h - 4. What is the units digit of l(-6)?
4
Let r(u) = u**2 - 3*u - 15. What is the units digit of r(-9)?
3
Let n = -12 + 20. Let m be n/(-5)*15/(-6). Suppose m*f = 96 - 28. What is the tens digit of f?
1
Let b(a) = 4*a - 10. What is the units digit of b(6)?
4
Let a be ((-4)/10)/((-9)/(-45)). Let d(p) = -8*p. What is the units digit of d(a)?
6
Let d(q) = 41*q - 6. What is the hundreds digit of d(3)?
1
Let a be (-1)/(-3) + 32/12. What is the tens digit of -2 + (1 - a*-7)?
2
Let y(i) be the first derivative of i**3/3 - 3*i**2/2 + 3*i + 7. Suppose -t - 3*r = 8, -5*t + 6*r + 36 = 2*r. What is the units digit of y(t)?
7
Let c = -263 - -586. What is the units digit of c?
3
Suppose u = -4*u + 20. Suppose 14 + u = 3*l. What is the units digit of l?
6
Suppose -5*x = -1321 + 226. What is the tens digit of x?
1
Suppose 2*m + 3*m + 25 = 0. Let h = -5 - m. What is the units digit of 2*(h - 1/(-2))?
1
Let t = 25 + -8. What is the units digit of (t - 5) + 3*-1?
9
Let g = 2 - -1. Suppose 0 = v + g*n, 3*v + 18 = -4*n + 43. What is the units digit of v*(3 - (-24)/(-10))?
9
Let p(r) = r + 9. Let j be p(-7). Suppose -15 = -j*t + t. What is the tens digit of t?
1
Let r = -35 + 50. Let n = 8 + r. What is the units digit of n?
3
Let j(r) = r**3 - 5*r**2 + r + 6. Suppose -o - 31 = -5*l, l = 3*l + 3*o - 9. What is the units digit of j(l)?
8
Suppose -3 = -2*y + 3. Suppose -4*v - 9 = -7*v. Suppose 2*f = -3*f - y*x + 61, v*f = 4*x + 25. What is the units digit of f?
1
Let u(f) = 3*f**2 + f - 10. What is the units digit of u(-5)?
0
Suppose -5*q + 2*s + 51 = 0, 26 = 4*q + 5*s + 5. Suppose -2*y = -2*x + 2, -3*y + 12 = 5*x - q. Let k = y - -5. What is the units digit of k?
7
Suppose -3*l + 2 = 4*j + 6, l = -4. What is the units digit of j?
2
Suppose b = 2*x - 39, -x - 3*b + 25 = 2*b. Let a = -16 + x. What is the units digit of a?
4
Let m(d) = d**3 - 13*d**2 - 5*d - 1. What is the tens digit of m(14)?
2
Suppose 2*a = 3 + 1. Let n = a - 3. What is the units digit of 10 + (2 - 5 - n)?
8
What is the units digit of 1*136/((-12)/(-3))?
4
Let w = -1 + 2. Suppose 5 = -o, -5*o - 30 = -a + w. What is the units digit of a?
6
Let y(b) = b**2 - 4*b + 1. Suppose 2*p + 3*w - w = 6, 0 = 5*p + 4*w - 19. What is the units digit of y(p)?
2
Suppose k + 3*w - 6*w - 71 = 0, 0 = -2*k - 3*w + 97. Suppose 3*a - 9 = -2*u + 5, 4*u = a + k. What is the tens digit of u?
1
What is the units digit of 27/((-27)/(-6) - 3)?
8
Let i be (6/10)/((-1)/(-5)). Suppose -5 = 4*v - 5*v - 4*r, -i*r = -2*v - 12. What is the units digit of 4 - (1 + v + 0)?
6
Suppose -35*c + 404 = -33*c. What is the hundreds digit of c?
2
Suppose -3*j + 7 = -3*y - y, -3*y + 1 = -j. Suppose 4 = -x - 5*r - 2, -10 = -j*x - 5*r. What is the units digit of x?
4
Let j(d) = 16*d**2 + 4*d - 6. What is the hundreds digit of j(-4)?
2
Let f(o) = 4*o**3 - o + 0*o**3 + 2*o**3 - 2*o**2 - 4 - 5*o**3. Let i be f(3). Suppose -i*l - 4 = -6*l. What is the units digit of l?
1
Suppose 4*l - 5*f - 75 = 0, 45 = l + l - 5*f. What is the tens digit of l?
1
What is the units digit of -3*(-8)/(-12)*-7?
4
Let b = -10 - -61. What is the tens digit of b?
5
Let s be 4/3*(-594)/(-12). Suppose 2*z - s = -2*a, 5*a - 50 = -3*z + 117. What is the units digit of a?
4
Let b =